digit of 80439?
3
What is the ten thousands digit of 79840?
7
What is the units digit of 6059?
9
What is the thousands digit of 34613?
4
What is the hundreds digit of 22398?
3
What is the thousands digit of 154722?
4
What is the ten thousands digit of 67829?
6
What is the hundreds digit of 17138?
1
What is the hundreds digit of 28884?
8
What is the hundreds digit of 1109?
1
What is the hundred thousands digit of 130720?
1
What is the tens digit of 96?
9
What is the tens digit of 92?
9
What is the units digit of 16932?
2
What is the units digit of 4837?
7
What is the hundred thousands digit of 103420?
1
What is the tens digit of 2311?
1
What is the units digit of 414?
4
What is the tens digit of 8441?
4
What is the units digit of 3006?
6
What is the hundreds digit of 1306?
3
What is the tens digit of 77586?
8
What is the units digit of 19962?
2
What is the tens digit of 121?
2
What is the units digit of 140768?
8
What is the units digit of 970?
0
What is the thousands digit of 14446?
4
What is the ten thousands digit of 29827?
2
What is the hundreds digit of 4171?
1
What is the units digit of 25599?
9
What is the hundreds digit of 67260?
2
What is the units digit of 18551?
1
What is the tens digit of 858?
5
What is the tens digit of 1947?
4
What is the tens digit of 6021?
2
What is the hundreds digit of 3851?
8
What is the thousands digit of 39056?
9
What is the hundreds digit of 780?
7
What is the tens digit of 229?
2
What is the units digit of 15067?
7
What is the thousands digit of 1698?
1
What is the units digit of 885?
5
What is the units digit of 2162?
2
What is the hundreds digit of 33912?
9
What is the hundreds digit of 440?
4
What is the tens digit of 10995?
9
What is the hundreds digit of 20445?
4
What is the units digit of 10299?
9
What is the hundreds digit of 5718?
7
What is the thousands digit of 1154?
1
What is the hundreds digit of 2108?
1
What is the hundreds digit of 63633?
6
What is the tens digit of 1869?
6
What is the tens digit of 932?
3
What is the hundreds digit of 5962?
9
What is the units digit of 26984?
4
What is the tens digit of 1019?
1
What is the hundreds digit of 19622?
6
What is the hundreds digit of 17189?
1
What is the tens digit of 11360?
6
What is the tens digit of 1227?
2
What is the hundreds digit of 856?
8
What is the tens digit of 13026?
2
What is the units digit of 1112?
2
What is the tens digit of 87?
8
What is the ten thousands digit of 60997?
6
What is the thousands digit of 2265?
2
What is the thousands digit of 9194?
9
What is the hundreds digit of 112?
1
What is the thousands digit of 1694?
1
What is the units digit of 447?
7
What is the hundreds digit of 3684?
6
What is the tens digit of 1579?
7
What is the units digit of 1887?
7
What is the units digit of 61515?
5
What is the tens digit of 115619?
1
What is the units digit of 74782?
2
What is the hundreds digit of 932?
9
What is the thousands digit of 6846?
6
What is the thousands digit of 15952?
5
What is the units digit of 2068?
8
What is the hundreds digit of 6915?
9
What is the tens digit of 3443?
4
What is the thousands digit of 42651?
2
What is the ten thousands digit of 67949?
6
What is the thousands digit of 3556?
3
What is the units digit of 301?
1
What is the thousands digit of 143674?
3
What is the thousands digit of 12027?
2
What is the tens digit of 86?
8
What is the tens digit of 49375?
7
What is the hundreds digit of 2196?
1
What is the units digit of 5077?
7
What is the thousands digit of 9393?
9
What is the hundreds digit of 1964?
9
What is the thousands digit of 36734?
6
What is the tens digit of 40606?
0
What is the thousands digit of 8627?
8
What is the hundreds digit of 3320?
3
What is the thousands digit of 24397?
4
What is the units digit of 1317?
7
What is the thousands digit of 30028?
0
What is the tens digit of 4338?
3
What is the hundreds digit of 87052?
0
What is the units digit of 3954?
4
What is the thousands digit of 10303?
0
What is the ten thousands digit of 81031?
8
What is the thousands digit of 19194?
9
What is the units digit of 1533?
3
What is the units digit of 1149?
9
What is the thousands digit of 2794?
2
What is the hundreds digit of 721?
7
What is the units digit of 8196?
6
What is the units digit of 2384?
4
What is the hundreds digit of 903?
9
What is the ten thousands digit of 30343?
3
What is the units digit of 2326?
6
What is the tens digit of 271?
7
What is the units digit of 2366?
6
What is the hundreds digit of 2524?
5
What is the units digit of 1543?
3
What is the hundreds digit of 201?
2
What is the tens digit of 35912?
1
What is the thousands digit of 135795?
5
What is the hundreds digit of 3609?
6
What is the units digit of 409?
9
What is the hundreds digit of 4806?
8
What is the ten thousands digit of 28697?
2
What is the tens digit of 985?
8
What is the thousands digit of 3751?
3
What is the units digit of 7239?
9
What is the thousands digit of 4616?
4
What is the hundreds digit of 5467?
4
What is the hundreds digit of 125917?
9
What is the tens digit of 2482?
8
What is the units digit of 10628?
8
What is the units digit of 27290?
0
What is the tens digit of 36509?
0
What is the units digit of 26584?
4
What is the hundreds digit of 898?
8
What is the tens digit of 933?
3
What is the tens digit of 6741?
4
What is the hundreds digit of 847?
8
What is the thousands digit of 59800?
9
What is the thousands digit of 3353?
3
What is the tens digit of 3389?
8
What is the tens digit of 23412?
1
What is the units digit of 6504?
4
What is the hundreds digit of 276?
2
What is the hundreds digit of 20853?
8
What is the hundreds digit of 231?
2
What is the units digit of 457?
7
What is the hundreds digit of 1793?
7
What is the units digit of 69969?
9
What is the tens digit of 3160?
6
What is the ten thousands digit of 34316?
3
What is the tens digit of 15674?
7
What is the thousands digit of 16523?
6
What is the hundreds digit of 54933?
9
What is the thousands digit of 6525?
6
What is the units digit of 1849?
9
What is the units digit of 919?
9
What is the hundreds digit of 91764?
7
What is the hundreds digit of 252?
2
What is the tens digit of 27314?
1
What is the hundreds digit of 1796?
7
What is the tens digit of 23148?
4
What is the units digit of 9382?
2
What is the hundreds digit of 3644?
6
What is the hundreds digit of 451?
4
What is the tens digit of 16?
1
What is the hundreds digit of 30875?
8
What is the units digit of 18657?
7
What is the thousands digit of 5575?
5
What is the units digit of 20682?
2
What is the hundreds digit of 18143?
1
What is the ten thousands digit of 108666?
0
What is the hundreds digit of 5622?
6
What is the tens digit of 7836?
3
What is the hundreds digit of 3462?
4
What is the tens digit of 812?
1
What is the units digit of 1088?
8
What is the hundreds digit of 2294?
2
What is the thousands digit of 4728?
4
What is the tens digit of 5999?
9
What is the thousands digit of 76257?
6
What is the hundreds digit of 2279?
2
What is the ten thousands digit of 126559?
2
What is the units digit of 792?
2
What is the tens digit of 2535?
3
What is the hundreds digit of 4157?
1
What is the units digit of 15036?
6
What is the tens digit of 4704?
0
What is the thousands digit of 4162?
4
What is the ten thousands digit of 43763?
4
What is the tens digit of 9064?
6
What is the tens digit of 21389?
8
What is the ten thousands digit of 86483?
8
What is the hundreds digit of 18497?
4
What is the units digit of 424?
4
What is the units digit of 12833?
3
What is the thousands digit of 1227?
1
What is the hundreds digit of 20127?
1
What is the ten thousands digit of 26454?
2
What is the hundreds digit of 1579?
5
What is the hundreds digit of 284?
2
What is the thousands digit of 3646?
3
What is the units digit of 370?
0
What is the units digit of 7917?
7
What is the hundreds digit of 133?
1
What is the hundreds digit of 1107?
1
What is the units digit of 271?
1
What is the hundreds digit of 653?
6
What is the tens digit of 120?
2
What is the tens digit of 2478?
7
What is the tens digit of 9488?
8
What is the tens digit of 4403?
0
What is the thousands digit of 1489?
1
What is the thousands digit of 11833?
1
What is the tens digit of 33430?
3
What is the units digit of 16309?
9
What is 